base 9.
-444
102121 (base 3) to base 11
265
What is 2 (base 15) in base 2?
10
-36 (base 12) to base 15
-2c
3044 (base 5) to base 10
399
-10101111 (base 2) to base 11
-14a
100 (base 2) to base 13
4
Convert 72 (base 11) to base 15.
54
Convert 101 (base 2) to base 16.
5
Convert -b (base 13) to base 9.
-12
41 (base 14) to base 11
52
Convert 171 (base 9) to base 7.
265
44 (base 6) to base 2
11100
Convert 0 (base 16) to base 5.
0
What is 14 (base 7) in base 4?
23
What is -8 (base 11) in base 7?
-11
Convert 33 (base 14) to base 12.
39
2 (base 7) to base 12
2
-2 (base 16) to base 2
-10
-64 (base 11) to base 5
-240
What is 6 (base 9) in base 6?
10
Convert -7 (base 11) to base 16.
-7
Convert 27 (base 11) to base 2.
11101
30 (base 13) to base 4
213
What is -f (base 16) in base 8?
-17
-15 (base 6) to base 15
-b
253 (base 6) to base 9
126
-2 (base 12) to base 13
-2
What is -11 (base 6) in base 3?
-21
Convert 3 (base 6) to base 13.
3
Convert -20 (base 3) to base 13.
-6
15 (base 15) to base 6
32
-120 (base 3) to base 15
-10
85 (base 10) to base 3
10011
Convert 2 (base 6) to base 9.
2
What is -3a (base 13) in base 16?
-31
Convert -16 (base 10) to base 5.
-31
Convert -1 (base 2) to base 5.
-1
-10 (base 13) to base 3
-111
-42 (base 5) to base 10
-22
-3b (base 12) to base 7
-65
What is -16 (base 7) in base 6?
-21
Convert -2 (base 14) to base 12.
-2
What is 140 (base 9) in base 11?
a7
What is 1133 (base 5) in base 11?
143
-140 (base 5) to base 6
-113
What is 42 (base 8) in base 2?
100010
What is -6a (base 13) in base 3?
-10021
Convert -41 (base 7) to base 13.
-23
25 (base 7) to base 16
13
Convert 5 (base 10) to base 15.
5
Convert 21 (base 5) to base 6.
15
-62 (base 13) to base 7
-143
What is -9 (base 10) in base 14?
-9
5 (base 8) to base 2
101
-21 (base 12) to base 2
-11001
Convert -1 (base 16) to base 2.
-1
a (base 16) to base 10
10
What is 44 (base 7) in base 13?
26
Convert -4 (base 11) to base 5.
-4
11 (base 4) to base 15
5
Convert -1000101 (base 2) to base 15.
-49
What is -2 (base 6) in base 7?
-2
10b (base 14) to base 10
207
-16 (base 13) to base 14
-15
What is -e8 (base 16) in base 14?
-128
What is 10 (base 3) in base 16?
3
Convert -10112 (base 3) to base 9.
-115
What is 6b (base 12) in base 3?
10002
-100 (base 9) to base 15
-56
97 (base 14) to base 13
a3
6 (base 14) to base 12
6
2102 (base 3) to base 2
1000001
1 (base 13) to base 9
1
Convert -5 (base 14) to base 16.
-5
What is -134 (base 11) in base 13?
-c2
Convert -93 (base 16) to base 11.
-124
Convert 14 (base 6) to base 5.
20
-2 (base 10) to base 9
-2
Convert -6 (base 16) to base 2.
-110
Convert a7 (base 14) to base 5.
1042
What is -3 (base 8) in base 9?
-3
Convert 2 (base 13) to base 5.
2
Convert -2 (base 8) to base 13.
-2
Convert 3 (base 6) to base 2.
11
What is 100 (base 6) in base 12?
30
What is 39 (base 12) in base 11?
41
Convert -154 (base 13) to base 7.
-460
10 (base 10) to base 15
a
What is -15 (base 8) in base 13?
-10
What is 15 (base 8) in base 15?
d
What is 41 (base 7) in base 2?
11101
Convert -431 (base 8) to base 9.
-342
What is 0 (base 6) in base 15?
0
Convert 1 (base 14) to base 10.
1
-1 (base 4) to base 7
-1
What is 8 (base 11) in base 8?
10
10110 (base 2) to base 7
31
What is 11 (base 6) in base 16?
7
10 (base 4) to base 2
100
What is -7 (base 10) in base 2?
-111
2 (base 16) to base 4
2
What is -2c (base 15) in base 10?
-42
What is 59 (base 10) in base 6?
135
Convert -32 (base 15) to base 2.
-101111
Convert 14 (base 14) to base 11.
17
8 (base 9) to base 13
8
3 (base 6) to base 9
3
Convert -2 (base 14) to base 11.
-2
What is 1a (base 13) in base 11?
21
1c6 (base 14) to base 4
11302
Convert -39 (base 14) to base 10.
-51
Convert -1 (base 7) to base 11.
-1
-81 (base 15) to base 10
-121
What is 4 (base 9) in base 8?
4
What is 11 (base 14) in base 8?
17
22 (base 4) to base 13
a
What is 65 (base 9) in base 10?
59
3 (base 14) to base 10
3
Convert 17 (base 10) to base 2.
10001
Convert -27 (base 8) to base 4.
-113
Convert 0 (base 6) to base 14.
0
What is 22 (base 4) in base 12?
a
0 (base 10) to base 9
0
-3231 (base 4) to base 9
-283
What is -10 (base 4) in base 14?
-4
-1 (base 9) to base 2
-1
Convert 20 (base 14) to base 9.
31
What is 2 (base 15) in base 6?
2
What is -c (base 13) in base 10?
-12
65 (base 10) to base 15
45
Convert -115 (base 6) to base 13.
-38
What is 0 (base 3) in base 7?
0
4 (base 14) to base 12
4
-3 (base 6) to base 13
-3
Convert -1 (base 2) to base 16.
-1
What is 2 (base 14) in base 3?
2
Convert -10 (base 14) to base 3.
-112
Convert -5 (base 11) to base 14.
-5
Convert 1211 (base 3) to base 2.
110001
Convert 15 (base 6) to base 2.
1011
Convert 0 (base 2) to base 9.
0
Convert -8 (base 10) to base 14.
-8
What is -120 (base 5) in base 2?
-100011
4 (base 14) to base 4
10
-2 (base 8) to base 2
-10
-5 (base 14) to base 2
-101
Convert 58 (base 10) to base 16.
3a
What is 14 (base 14) in base 10?
18
Convert -2 (base 4) to base 16.
-2
Convert 1 (base 13) to base 4.
1
Convert 3c (base 13) to base 10.
51
What is -115 (base 7) in base 9?
-67
Convert -35 (base 6) to base 16.
-17
Convert -202 (base 6) to base 12.
-62
What is 17 (base 14) in base 9?
23
What is 7 (base 8) in base 15?
7
-3a (base 12) to base 7
-64
What is 4 (base 16) in base 12?
4
d8 (base 15) to base 12
14b
-1 (base 15) to base 4
-1
0 (base 4) to base 11
0
Convert -a2 (base 12) to base 3.
-11112
Convert 133 (base 8) to base 4.
1123
What is -3 (base 6) in base 12?
-3
111 (base 2) to base 14
7
Convert -56 (base 9) to base 2.
-110011
Convert 112 (base 7) to base 2.
111010
What is -10 (base 10) in base 7?
-13
Convert -61 (base 14) to base 15.
-5a
What is 3 (base 5) in base 15?
3
Convert b (base 15) to base 14.
b
What is 1 (base 13) in base 14?
1
What is 2 (base 9) in base 3?
2
1011110 (base 2) to base 8
136
2 (base 8) to base 14
2
What is 43 (base 11) in base 6?
115
-203 (base 4) to base 2
-100011
Convert -120 (base 14) to base 16.
-e0
Convert 20 (base 3) to base 15.
6
15 (base 12) to base 14
13
What is 3 (base 13) in base 14?
3
62 (base 13) to base 10
80
31 (base 5) to base 8
20
Convert 15 (base 12) to base 10.
17
What is -1 (base 14) in base 6?
-1
What is -1031 (base 5) in base 8?
-215
1 (base 16) to base 7
1
What is 3 (base 5) in base 4?
3
Convert -14 (base 13) to base 4.
-101
What is -9 (base 13) in base 6?
-13
Convert c0 (base 13) to base 12.
110
What is 5 (base 10) in base 15?
5
d (base 16) to base 2
1101
-136 (base 7) to base 14
-56
Convert 9 (base 13) to base 11.
9
Convert -3 (base 9) to base 4.
-3
17 (base 12) to base 6
31
What is 113 (base 7) in base 15?
3e
Convert 18 (base 10) to base 4.
102
7 (base 16) to base 5
12
-2212 (base 4) to base 16
-a6
What is -120 (base 9) in base 4?
-1203
Convert 1 (base 9) to base 3.
1
Convert -11111110 (base 2) to base 15.
-11e
What is -68 (base 9) in base 4?
-332
What is 19a (base 11) in base 5?
1410
Convert -110 (base 2) to base 14.
-6
2 (base 11) to base 4
2
What is -5 (base 13) in base 3?
-12
Convert 0 (base 14) to base 12.
0
What is -6 (base 13) in base 15?
-6
160 (base 12) to base 6
1000
177 (base 11) to base 9
247
12200 (base 3) to base 5
1103
-3 (base 13) to base 5
-3
Convert -103 (base 4) to base 3.
-201
Convert 10110 (base 2) to base 4.
112
Convert 1 (base 9) to base 6.
1
What is -8 (base 14) in base 3?
-22
What is 101 (base 9) in base 15?
57
Convert -12 (base 11) to base 7.
-16
Convert -201 (base 3) to base 8.
-23
-2 (base 10) to base 11
-2
Convert 11110001 (base 2) to base 12.
181
Convert -12 (base 4) to base 7.
-6
Convert -10 (base 11) to base 7.
-14
Convert 2 (base 16) to base 5.
2
Convert 3 (base 7) to base 3.
10
Convert -33 (base 7) to base 8.
-30
What is -8 (base 9) in base 4?
-20
Convert 3 (base 8) to base 12.
3
Convert -14 (base 12) to base 6.
-24
Convert 30 (base 5) to base 9.
16
Convert -12 (base 3) to base 9.
-5
Convert -1022 (base 3) to base 16.
-23
What is 2 (base 12) in base 5?
2
Convert -2 (base 8) to base 16.
-2
Convert -1 (base 8) to base 7.
-1
Convert -1000 (base 2) to base 13.
-8
What is 56 (base 9) in base 8?
63
What is 2a (base 15) in base 8?
50
Convert -20 (base 6) to base 4.
-30
-9b (base 13) to base 10
-128
Convert 74 (base 11) to base 15.
56
26 (base 7) to base 3
202
Convert -21002 (base 3) to base 12.
-13b
-3 (base 14) to base 11
-3
Convert -ab (bas